{"id":24180,"date":"2026-09-03T22:31:19","date_gmt":"2026-09-03T20:31:19","guid":{"rendered":"https:\/\/inomo.ch\/immobilien\/1793978fr-35-zi-helle-dach-wohnung\/"},"modified":"2026-09-03T23:07:08","modified_gmt":"2026-09-03T21:07:08","slug":"1793978fr-35-zi-helle-dach-wohnung","status":"publish","type":"casawp_property","link":"https:\/\/inomo.ch\/fr\/immobilien\/1793978fr-35-zi-helle-dach-wohnung\/","title":{"rendered":"3.5 Zi helle Dach Wohnung"},"content":{"rendered":"<h2>3.5 Zi helle Dach Wohnung<\/h2>\n<p>In angenehmer und moderner Liegenschaft.\u00a0<br \/>Elektrische Storen, Aufzug, umweltfreundlicher W\u00e4rmepumpe und sch\u00f6ner K\u00fcche.\u00a0<br \/>Balkon in S\u00fcdwest Ausrichtung. Sowie die Waschk\u00fcche direkt auf der Etage.\u00a0<br \/>Die Wohnung verf\u00fcgt auch \u00fcber einen schnellen Glasfaser Internet Anschluss.\u00a0<\/p>\n<p>Option Parkierung:\u00a0<br \/>direkt vor dem Haus.\u00a0<\/p>\n<p>Abstellplatz 60.&#8211;\/Monat<br \/>Garage 120.&#8211;\/Monat<br \/>Garage mit Elektroantrieb und Sender 130.&#8211;\/Monat<\/p>\n","protected":false},"excerpt":{"rendered":"<p>offen, ger\u00e4umig, hell<\/p>\n","protected":false},"author":0,"featured_media":24183,"parent":0,"menu_order":12,"comment_status":"closed","ping_status":"closed","template":"","meta":{"_acf_changed":false,"inline_featured_image":false,"footnotes":""},"casawp_category":[7,109,68],"casawp_feature":[15,11,14,13,75],"casawp_utility":[20],"casawp_location":[28,23,70],"casawp_salestype":[27],"casawp_availability":[22],"casawp_region":[],"class_list":["post-24180","casawp_property","type-casawp_property","status-publish","has-post-thumbnail","hentry","casawp_category-apartment","casawp_category-granny-flat","casawp_category-roof-flat","casawp_feature-has-balcony","casawp_feature-has-elevator","casawp_feature-has-garage","casawp_feature-has-parking","casawp_feature-is-sunny","casawp_utility-residential","casawp_location-region_be","casawp_location-country_ch","casawp_location-locality_wynau","casawp_salestype-rent","casawp_availability-active"],"acf":[],"yoast_head":"<!-- This site is optimized with the Yoast SEO plugin v28.4 - https:\/\/yoast.com\/product\/yoast-seo-wordpress\/ -->\n<title>3.5 Zi helle Dach Wohnung - Inomoplus<\/title>\n<meta name=\"robots\" content=\"index, follow, max-snippet:-1, max-image-preview:large, max-video-preview:-1\" \/>\n<link rel=\"canonical\" href=\"https:\/\/inomo.ch\/fr\/immobilien\/1793978fr-35-zi-helle-dach-wohnung\/\" \/>\n<meta property=\"og:locale\" content=\"fr_FR\" \/>\n<meta property=\"og:type\" content=\"article\" \/>\n<meta property=\"og:title\" content=\"3.5 Zi helle Dach Wohnung - Inomoplus\" \/>\n<meta property=\"og:description\" content=\"offen, ger\u00e4umig, hell\" \/>\n<meta property=\"og:url\" content=\"https:\/\/inomo.ch\/fr\/immobilien\/1793978fr-35-zi-helle-dach-wohnung\/\" \/>\n<meta property=\"og:site_name\" content=\"Inomoplus\" \/>\n<meta property=\"article:modified_time\" content=\"2026-09-03T21:07:08+00:00\" \/>\n<meta name=\"twitter:card\" content=\"summary_large_image\" \/>\n<script type=\"application\/ld+json\" class=\"yoast-schema-graph\">{\"@context\":\"https:\\\/\\\/schema.org\",\"@graph\":[{\"@type\":\"WebPage\",\"@id\":\"https:\\\/\\\/inomo.ch\\\/fr\\\/immobilien\\\/1793978fr-35-zi-helle-dach-wohnung\\\/\",\"url\":\"https:\\\/\\\/inomo.ch\\\/fr\\\/immobilien\\\/1793978fr-35-zi-helle-dach-wohnung\\\/\",\"name\":\"3.5 Zi helle Dach Wohnung - Inomoplus\",\"isPartOf\":{\"@id\":\"https:\\\/\\\/inomo.ch\\\/#website\"},\"primaryImageOfPage\":{\"@id\":\"https:\\\/\\\/inomo.ch\\\/fr\\\/immobilien\\\/1793978fr-35-zi-helle-dach-wohnung\\\/#primaryimage\"},\"image\":{\"@id\":\"https:\\\/\\\/inomo.ch\\\/fr\\\/immobilien\\\/1793978fr-35-zi-helle-dach-wohnung\\\/#primaryimage\"},\"thumbnailUrl\":\"https:\\\/\\\/cdn.casasoft.com\\\/media\\\/provider-13715\\\/property-1793978\\\/8c72c328cf06565d758d680b700cb83b.jpeg?p=xl\",\"datePublished\":\"2026-09-03T20:31:19+00:00\",\"dateModified\":\"2026-09-03T21:07:08+00:00\",\"breadcrumb\":{\"@id\":\"https:\\\/\\\/inomo.ch\\\/fr\\\/immobilien\\\/1793978fr-35-zi-helle-dach-wohnung\\\/#breadcrumb\"},\"inLanguage\":\"fr-FR\",\"potentialAction\":[{\"@type\":\"ReadAction\",\"target\":[\"https:\\\/\\\/inomo.ch\\\/fr\\\/immobilien\\\/1793978fr-35-zi-helle-dach-wohnung\\\/\"]}]},{\"@type\":\"ImageObject\",\"inLanguage\":\"fr-FR\",\"@id\":\"https:\\\/\\\/inomo.ch\\\/fr\\\/immobilien\\\/1793978fr-35-zi-helle-dach-wohnung\\\/#primaryimage\",\"url\":\"https:\\\/\\\/cdn.casasoft.com\\\/media\\\/provider-13715\\\/property-1793978\\\/8c72c328cf06565d758d680b700cb83b.jpeg?p=xl\",\"contentUrl\":\"https:\\\/\\\/cdn.casasoft.com\\\/media\\\/provider-13715\\\/property-1793978\\\/8c72c328cf06565d758d680b700cb83b.jpeg?p=xl\"},{\"@type\":\"BreadcrumbList\",\"@id\":\"https:\\\/\\\/inomo.ch\\\/fr\\\/immobilien\\\/1793978fr-35-zi-helle-dach-wohnung\\\/#breadcrumb\",\"itemListElement\":[{\"@type\":\"ListItem\",\"position\":1,\"name\":\"Startseite\",\"item\":\"https:\\\/\\\/inomo.ch\\\/fr\\\/\"},{\"@type\":\"ListItem\",\"position\":2,\"name\":\"Immobilien\",\"item\":\"https:\\\/\\\/inomo.ch\\\/immobilien\\\/\"},{\"@type\":\"ListItem\",\"position\":3,\"name\":\"3.5 Zi helle Dach Wohnung\"}]},{\"@type\":\"WebSite\",\"@id\":\"https:\\\/\\\/inomo.ch\\\/#website\",\"url\":\"https:\\\/\\\/inomo.ch\\\/\",\"name\":\"Inomoplus\",\"description\":\"\",\"publisher\":{\"@id\":\"https:\\\/\\\/inomo.ch\\\/#organization\"},\"potentialAction\":[{\"@type\":\"SearchAction\",\"target\":{\"@type\":\"EntryPoint\",\"urlTemplate\":\"https:\\\/\\\/inomo.ch\\\/?s={search_term_string}\"},\"query-input\":{\"@type\":\"PropertyValueSpecification\",\"valueRequired\":true,\"valueName\":\"search_term_string\"}}],\"inLanguage\":\"fr-FR\"},{\"@type\":\"Organization\",\"@id\":\"https:\\\/\\\/inomo.ch\\\/#organization\",\"name\":\"Inomoplus\",\"url\":\"https:\\\/\\\/inomo.ch\\\/\",\"logo\":{\"@type\":\"ImageObject\",\"inLanguage\":\"fr-FR\",\"@id\":\"https:\\\/\\\/inomo.ch\\\/#\\\/schema\\\/logo\\\/image\\\/\",\"url\":\"https:\\\/\\\/inomo.ch\\\/wp-content\\\/uploads\\\/sites\\\/24\\\/2024\\\/03\\\/inomo_logo_white.svg\",\"contentUrl\":\"https:\\\/\\\/inomo.ch\\\/wp-content\\\/uploads\\\/sites\\\/24\\\/2024\\\/03\\\/inomo_logo_white.svg\",\"width\":600,\"height\":149,\"caption\":\"Inomoplus\"},\"image\":{\"@id\":\"https:\\\/\\\/inomo.ch\\\/#\\\/schema\\\/logo\\\/image\\\/\"}}]}<\/script>\n<!-- \/ Yoast SEO plugin. -->","yoast_head_json":{"title":"3.5 Zi helle Dach Wohnung - Inomoplus","robots":{"index":"index","follow":"follow","max-snippet":"max-snippet:-1","max-image-preview":"max-image-preview:large","max-video-preview":"max-video-preview:-1"},"canonical":"https:\/\/inomo.ch\/fr\/immobilien\/1793978fr-35-zi-helle-dach-wohnung\/","og_locale":"fr_FR","og_type":"article","og_title":"3.5 Zi helle Dach Wohnung - Inomoplus","og_description":"offen, ger\u00e4umig, hell","og_url":"https:\/\/inomo.ch\/fr\/immobilien\/1793978fr-35-zi-helle-dach-wohnung\/","og_site_name":"Inomoplus","article_modified_time":"2026-09-03T21:07:08+00:00","twitter_card":"summary_large_image","schema":{"@context":"https:\/\/schema.org","@graph":[{"@type":"WebPage","@id":"https:\/\/inomo.ch\/fr\/immobilien\/1793978fr-35-zi-helle-dach-wohnung\/","url":"https:\/\/inomo.ch\/fr\/immobilien\/1793978fr-35-zi-helle-dach-wohnung\/","name":"3.5 Zi helle Dach Wohnung - Inomoplus","isPartOf":{"@id":"https:\/\/inomo.ch\/#website"},"primaryImageOfPage":{"@id":"https:\/\/inomo.ch\/fr\/immobilien\/1793978fr-35-zi-helle-dach-wohnung\/#primaryimage"},"image":{"@id":"https:\/\/inomo.ch\/fr\/immobilien\/1793978fr-35-zi-helle-dach-wohnung\/#primaryimage"},"thumbnailUrl":"https:\/\/cdn.casasoft.com\/media\/provider-13715\/property-1793978\/8c72c328cf06565d758d680b700cb83b.jpeg?p=xl","datePublished":"2026-09-03T20:31:19+00:00","dateModified":"2026-09-03T21:07:08+00:00","breadcrumb":{"@id":"https:\/\/inomo.ch\/fr\/immobilien\/1793978fr-35-zi-helle-dach-wohnung\/#breadcrumb"},"inLanguage":"fr-FR","potentialAction":[{"@type":"ReadAction","target":["https:\/\/inomo.ch\/fr\/immobilien\/1793978fr-35-zi-helle-dach-wohnung\/"]}]},{"@type":"ImageObject","inLanguage":"fr-FR","@id":"https:\/\/inomo.ch\/fr\/immobilien\/1793978fr-35-zi-helle-dach-wohnung\/#primaryimage","url":"https:\/\/cdn.casasoft.com\/media\/provider-13715\/property-1793978\/8c72c328cf06565d758d680b700cb83b.jpeg?p=xl","contentUrl":"https:\/\/cdn.casasoft.com\/media\/provider-13715\/property-1793978\/8c72c328cf06565d758d680b700cb83b.jpeg?p=xl"},{"@type":"BreadcrumbList","@id":"https:\/\/inomo.ch\/fr\/immobilien\/1793978fr-35-zi-helle-dach-wohnung\/#breadcrumb","itemListElement":[{"@type":"ListItem","position":1,"name":"Startseite","item":"https:\/\/inomo.ch\/fr\/"},{"@type":"ListItem","position":2,"name":"Immobilien","item":"https:\/\/inomo.ch\/immobilien\/"},{"@type":"ListItem","position":3,"name":"3.5 Zi helle Dach Wohnung"}]},{"@type":"WebSite","@id":"https:\/\/inomo.ch\/#website","url":"https:\/\/inomo.ch\/","name":"Inomoplus","description":"","publisher":{"@id":"https:\/\/inomo.ch\/#organization"},"potentialAction":[{"@type":"SearchAction","target":{"@type":"EntryPoint","urlTemplate":"https:\/\/inomo.ch\/?s={search_term_string}"},"query-input":{"@type":"PropertyValueSpecification","valueRequired":true,"valueName":"search_term_string"}}],"inLanguage":"fr-FR"},{"@type":"Organization","@id":"https:\/\/inomo.ch\/#organization","name":"Inomoplus","url":"https:\/\/inomo.ch\/","logo":{"@type":"ImageObject","inLanguage":"fr-FR","@id":"https:\/\/inomo.ch\/#\/schema\/logo\/image\/","url":"https:\/\/inomo.ch\/wp-content\/uploads\/sites\/24\/2024\/03\/inomo_logo_white.svg","contentUrl":"https:\/\/inomo.ch\/wp-content\/uploads\/sites\/24\/2024\/03\/inomo_logo_white.svg","width":600,"height":149,"caption":"Inomoplus"},"image":{"@id":"https:\/\/inomo.ch\/#\/schema\/logo\/image\/"}}]}},"_links":{"self":[{"href":"https:\/\/inomo.ch\/fr\/wp-json\/wp\/v2\/casawp_property\/24180","targetHints":{"allow":["GET"]}}],"collection":[{"href":"https:\/\/inomo.ch\/fr\/wp-json\/wp\/v2\/casawp_property"}],"about":[{"href":"https:\/\/inomo.ch\/fr\/wp-json\/wp\/v2\/types\/casawp_property"}],"replies":[{"embeddable":true,"href":"https:\/\/inomo.ch\/fr\/wp-json\/wp\/v2\/comments?post=24180"}],"version-history":[{"count":2,"href":"https:\/\/inomo.ch\/fr\/wp-json\/wp\/v2\/casawp_property\/24180\/revisions"}],"predecessor-version":[{"id":24182,"href":"https:\/\/inomo.ch\/fr\/wp-json\/wp\/v2\/casawp_property\/24180\/revisions\/24182"}],"wp:featuredmedia":[{"embeddable":true,"href":"https:\/\/inomo.ch\/fr\/wp-json\/wp\/v2\/media\/24183"}],"wp:attachment":[{"href":"https:\/\/inomo.ch\/fr\/wp-json\/wp\/v2\/media?parent=24180"}],"wp:term":[{"taxonomy":"casawp_category","embeddable":true,"href":"https:\/\/inomo.ch\/fr\/wp-json\/wp\/v2\/casawp_category?post=24180"},{"taxonomy":"casawp_feature","embeddable":true,"href":"https:\/\/inomo.ch\/fr\/wp-json\/wp\/v2\/casawp_feature?post=24180"},{"taxonomy":"casawp_utility","embeddable":true,"href":"https:\/\/inomo.ch\/fr\/wp-json\/wp\/v2\/casawp_utility?post=24180"},{"taxonomy":"casawp_location","embeddable":true,"href":"https:\/\/inomo.ch\/fr\/wp-json\/wp\/v2\/casawp_location?post=24180"},{"taxonomy":"casawp_salestype","embeddable":true,"href":"https:\/\/inomo.ch\/fr\/wp-json\/wp\/v2\/casawp_salestype?post=24180"},{"taxonomy":"casawp_availability","embeddable":true,"href":"https:\/\/inomo.ch\/fr\/wp-json\/wp\/v2\/casawp_availability?post=24180"},{"taxonomy":"casawp_region","embeddable":true,"href":"https:\/\/inomo.ch\/fr\/wp-json\/wp\/v2\/casawp_region?post=24180"}],"curies":[{"name":"wp","href":"https:\/\/api.w.org\/{rel}","templated":true}]}}

<h2>3.5 Zi helle Dach Wohnung</h2>
<p>In angenehmer und moderner Liegenschaft. <br />Elektrische Storen, Aufzug, umweltfreundlicher Wärmepumpe und schöner Küche. <br />Balkon in Südwest Ausrichtung. Sowie die Waschküche direkt auf der Etage. <br />Die Wohnung verfügt auch über einen schnellen Glasfaser Internet Anschluss. </p>
<p>Option Parkierung: <br />direkt vor dem Haus. </p>
<p>Abstellplatz 60.&#8211;/Monat<br />Garage 120.&#8211;/Monat<br />Garage mit Elektroantrieb und Sender 130.&#8211;/Monat</p>

<p>offen, geräumig, hell</p>

<!-- This site is optimized with the Yoast SEO plugin v28.4 - https://yoast.com/product/yoast-seo-wordpress/ -->
<title>3.5 Zi helle Dach Wohnung - Inomoplus</title>
<meta name="robots" content="index, follow, max-snippet:-1, max-image-preview:large, max-video-preview:-1" />
<link rel="canonical" href="https://inomo.ch/fr/immobilien/1793978fr-35-zi-helle-dach-wohnung/" />
<meta property="og:locale" content="fr_FR" />
<meta property="og:type" content="article" />
<meta property="og:title" content="3.5 Zi helle Dach Wohnung - Inomoplus" />
<meta property="og:description" content="offen, geräumig, hell" />
<meta property="og:url" content="https://inomo.ch/fr/immobilien/1793978fr-35-zi-helle-dach-wohnung/" />
<meta property="og:site_name" content="Inomoplus" />
<meta property="article:modified_time" content="2026-09-03T21:07:08+00:00" />
<meta name="twitter:card" content="summary_large_image" />
<script type="application/ld+json" class="yoast-schema-graph">{"@context":"https:\/\/schema.org","@graph":[{"@type":"WebPage","@id":"https:\/\/inomo.ch\/fr\/immobilien\/1793978fr-35-zi-helle-dach-wohnung\/","url":"https:\/\/inomo.ch\/fr\/immobilien\/1793978fr-35-zi-helle-dach-wohnung\/","name":"3.5 Zi helle Dach Wohnung - Inomoplus","isPartOf":{"@id":"https:\/\/inomo.ch\/#website"},"primaryImageOfPage":{"@id":"https:\/\/inomo.ch\/fr\/immobilien\/1793978fr-35-zi-helle-dach-wohnung\/#primaryimage"},"image":{"@id":"https:\/\/inomo.ch\/fr\/immobilien\/1793978fr-35-zi-helle-dach-wohnung\/#primaryimage"},"thumbnailUrl":"https:\/\/cdn.casasoft.com\/media\/provider-13715\/property-1793978\/8c72c328cf06565d758d680b700cb83b.jpeg?p=xl","datePublished":"2026-09-03T20:31:19+00:00","dateModified":"2026-09-03T21:07:08+00:00","breadcrumb":{"@id":"https:\/\/inomo.ch\/fr\/immobilien\/1793978fr-35-zi-helle-dach-wohnung\/#breadcrumb"},"inLanguage":"fr-FR","potentialAction":[{"@type":"ReadAction","target":["https:\/\/inomo.ch\/fr\/immobilien\/1793978fr-35-zi-helle-dach-wohnung\/"]}]},{"@type":"ImageObject","inLanguage":"fr-FR","@id":"https:\/\/inomo.ch\/fr\/immobilien\/1793978fr-35-zi-helle-dach-wohnung\/#primaryimage","url":"https:\/\/cdn.casasoft.com\/media\/provider-13715\/property-1793978\/8c72c328cf06565d758d680b700cb83b.jpeg?p=xl","contentUrl":"https:\/\/cdn.casasoft.com\/media\/provider-13715\/property-1793978\/8c72c328cf06565d758d680b700cb83b.jpeg?p=xl"},{"@type":"BreadcrumbList","@id":"https:\/\/inomo.ch\/fr\/immobilien\/1793978fr-35-zi-helle-dach-wohnung\/#breadcrumb","itemListElement":[{"@type":"ListItem","position":1,"name":"Startseite","item":"https:\/\/inomo.ch\/fr\/"},{"@type":"ListItem","position":2,"name":"Immobilien","item":"https:\/\/inomo.ch\/immobilien\/"},{"@type":"ListItem","position":3,"name":"3.5 Zi helle Dach Wohnung"}]},{"@type":"WebSite","@id":"https:\/\/inomo.ch\/#website","url":"https:\/\/inomo.ch\/","name":"Inomoplus","description":"","publisher":{"@id":"https:\/\/inomo.ch\/#organization"},"potentialAction":[{"@type":"SearchAction","target":{"@type":"EntryPoint","urlTemplate":"https:\/\/inomo.ch\/?s={search_term_string}"},"query-input":{"@type":"PropertyValueSpecification","valueRequired":true,"valueName":"search_term_string"}}],"inLanguage":"fr-FR"},{"@type":"Organization","@id":"https:\/\/inomo.ch\/#organization","name":"Inomoplus","url":"https:\/\/inomo.ch\/","logo":{"@type":"ImageObject","inLanguage":"fr-FR","@id":"https:\/\/inomo.ch\/#\/schema\/logo\/image\/","url":"https:\/\/inomo.ch\/wp-content\/uploads\/sites\/24\/2024\/03\/inomo_logo_white.svg","contentUrl":"https:\/\/inomo.ch\/wp-content\/uploads\/sites\/24\/2024\/03\/inomo_logo_white.svg","width":600,"height":149,"caption":"Inomoplus"},"image":{"@id":"https:\/\/inomo.ch\/#\/schema\/logo\/image\/"}}]}</script>
<!-- / Yoast SEO plugin. -->

offen, geräumig, hell
